reatest common factor of p and 8.
8
Suppose 3*n = -2*y + 113, -y - 2*n + 35 + 22 = 0. Let q = y + -52. Calculate the highest common factor of q and 6.
3
Let d(u) = -u**2 + 31*u - 38. Let y be d(19). Calculate the greatest common divisor of y and 20.
10
Let i(q) = 2*q**2 - q - 2. Let y be i(2). Let x = -2 + y. Suppose -x*l + 61 = -23. What is the highest common factor of l and 28?
14
Let b = -2 - 2. Let v(m) be the third derivative of -5*m**4/24 + m**3/6 - 106*m**2. Let r be v(b). Calculate the highest common factor of r and 7.
7
Suppose 5*i - 5*z = 365, 9*i - 2*z + 219 = 12*i. Calculate the greatest common divisor of 73 and i.
73
Let f(y) = 5 - y - 11 + 6 + 6*y**2 + 2. Let n be f(1). Calculate the greatest common factor of n and 7.
7
Let j = 1709 - 1664. Let w be (-1)/(-3) + 1/(-3). Let q be 16 + -1 + w - 0. Calculate the highest common divisor of j and q.
15
Let c(k) = -2*k**2 + 9*k + 114. Let j be c(10). Calculate the highest common factor of 36 and j.
4
Suppose -3*o = -2*r + 23, -2*o - 14 = 601*r - 602*r. Suppose -2*n + 0*n = -32. Calculate the highest common factor of n and r.
4
Let s(v) = v**3 + 34*v**2 + 127*v + 42. Let t be s(-27). What is the highest common divisor of t and 24?
12
Suppose 19*l + 5485 - 5580 = 0. Let s be (-2)/9 + (-40)/(-18). What is the greatest common divisor of l and s?
1
Let t be 4/18 + (-6)/27. Suppose t = w - 2 - 0. Let i be 7/(-7) - 1*(-12)/2. What is the greatest common factor of i and w?
1
Suppose 6*v + 660 = 21*v. What is the greatest common divisor of v and 28?
4
Let t be 45/(-7) - (-9)/21. Let i = 6 + t. Suppose i = -5*l + 68 + 2. What is the greatest common factor of l and 14?
14
Suppose -14 = -0*x - x. Let n be (2 + 7/(-3))/((-2)/96). Suppose -12 = -2*w + n. What is the greatest common divisor of w and x?
14
Let p be ((-276)/(-115))/((-3)/(-45)). What is the greatest common divisor of 9 and p?
9
Suppose 36*u = 40*u - 624. Suppose 5*c - 5*t = 14 + u, -3*t = c - 42. Let k = -3 + 93. Calculate the greatest common factor of k and c.
18
Suppose 35 = 2*t + 17. Suppose -d - 26 = -3*z + t, 3*z - 32 = 4*d. What is the greatest common factor of z and 204?
12
Let d(g) = 3*g + 82. Let t be d(-21). What is the greatest common factor of t and 152?
19
Let w be 19/6 + 7/(-42). Suppose 4*d + 4*n - 5*n - 99 = 0, -w*n = -5*d + 122. Calculate the highest common factor of 10 and d.
5
Suppose -5*u - 1340 = -64*m + 59*m, 544 = 2*m + 2*u. Calculate the greatest common divisor of m and 40.
10
Suppose 8 = 2*v, 5*o - v = -0*o + 446. Suppose 0 = 11*a + 23*a + 7*a - 1230. What is the greatest common divisor of o and a?
30
Suppose -4*m + 2*o + 312 = 0, 120 + 119 = 3*m + o. Suppose 0*n - 3*s = -4*n + m, 0 = -2*n + 2*s + 42. Calculate the highest common factor of 176 and n.
16
Suppose 5*j - 25 = n, -2*j + 10 = -3*n - 0*j. Suppose i = -n + 10. What is the highest common divisor of 10 and i?
10
Let d(x) = -x**2 + 7. Let q be d(-8). Let p = 129 + q. What is the highest common factor of p and 12?
12
Suppose t + 29 = 5*w, 6*w - w = 5*t + 45. Let j(h) = -5*h + 5. Let a be j(t). What is the highest common factor of 5 and a?
5
Let f(k) = 5*k + 20. Let x(z) = -z + 10. Let l be x(4). Let s be f(l). Calculate the greatest common divisor of 20 and s.
10
Let v(h) = -h - 15. Let o be v(-16). Let p be (-5 + 0)*o/(-1). Suppose 2*n + 6 = z, 0*n - n - 57 = -p*z. Calculate the greatest common divisor of 12 and z.
12
Let m be 10/3 - 5/15. Suppose o + m*o = 8. Suppose 3*n = -5*k + 26, 5*k - o*n - 3*n = 10. What is the highest common factor of 16 and k?
4
Suppose 4*k = 2*k - 2. Let n be k*(60/(-4) - 0). What is the greatest common divisor of n and 60?
15
Let n(i) = -22*i - 209. Let u be n(-12). What is the highest common factor of 88 and u?
11
Let z be ((-4)/4 - 5) + -1. Let d = z + 102. Suppose -m = -1 - 18. What is the highest common factor of m and d?
19
Suppose -10*r = -193 - 2027. What is the greatest common divisor of r and 6?
6
Let j = 91 + 68. Calculate the greatest common factor of 106 and j.
53
Let a(c) = -c**3 - 8*c**2 + 32*c + 78. Let d be a(-13). What is the highest common factor of 78 and d?
39
Let f be (-8)/(((-4)/32)/1). Suppose -x = x - t - 43, 0 = 3*x - t - f. What is the greatest common factor of x and 84?
21
Let k = -61 - -63. Suppose c + 66 - 196 = -u, 290 = k*u - 4*c. Calculate the highest common factor of 30 and u.
15
Let j(b) = b**2 - 13*b - 260. Let f be j(-17). What is the highest common divisor of 50 and f?
50
Let h = -21 - -39. Let o(x) = 2*x**3 - 4*x**2 - 7*x + 9. Let d be o(4). Calculate the greatest common divisor of h and d.
9
Suppose 2*i + 5*d + 2 = 0, 3*i + 5*d - 3 = -6. Let h be -13 - -13 - (i - 1). What is the greatest common divisor of h and 14?
2
Let g(w) = -14*w + 65. Let r be g(4). Suppose 3*n = -4*l + 6*n - 12, 3*l = 3*n - 12. Let t = 3 - l. Calculate the highest common divisor of r and t.
3
Let h = -1150 + 1238. What is the greatest common divisor of 297 and h?
11
Let a = -35 + 51. Let o = 19 - a. Let z be (-274)/(-10) + 6/(-15). Calculate the highest common divisor of o and z.
3
Let u be (-1414)/(-126)*10 - (-2)/(-9). What is the greatest common divisor of 7 and u?
7
Suppose d - 8 = -3*d. Suppose 52 = 3*i + 58. Let q be d/6*i*-15. What is the highest common divisor of 110 and q?
10
Let f(v) = 12*v**2 + 19*v - 19. Let j be f(1). Calculate the highest common factor of j and 852.
12
Suppose 4*m = 10*m - 72. Let f be 22*(-30)/8*(-8)/m. Let l(a) = 7*a - 3. Let r be l(2). What is the greatest common factor of r and f?
11
Suppose 3*s + 994 + 56 = 0. Let c be 72/(-30)*s/15. What is the highest common divisor of 14 and c?
14
Let u = -1087 + 1107. What is the highest common divisor of 190 and u?
10
Suppose -6*w = 33 - 57. Let v be (-6)/4*88/(-3). What is the greatest common factor of w and v?
4
Let l = -746 + 868. Calculate the highest common factor of l and 2806.
122
Let o be 2/(-4 - 0)*-110. Let q = 186 + 309. Calculate the greatest common divisor of q and o.
55
Suppose 13*v = 16*v - 54. Suppose -2*y + 3*a - 2*a = -v, 5*y - 38 = -a. Suppose y*p - 275 = 3*p. Calculate the highest common divisor of 11 and p.
11
Let l = -4 + 5. Suppose 0 = 4*r + 2*p - 28, -p + l = r - 8. Let y = -13 + 18. Calculate the greatest common factor of y and r.
5
Let b be 9 - 1/((-2 - -3) + -2). Suppose 0*v + b*v = 400. Calculate the greatest common divisor of v and 40.
40
Suppose 5*w + 4*y = 274, 0 = -3*w + 4*y + 77 + 81. Calculate the highest common divisor of w and 1674.
54
Suppose -3*f = 3*r - 12, 5*f - 3*r - 87 = -27. Calculate the greatest common divisor of f and 288.
9
Suppose 3*d = -5*k + d + 80, -2*d = -10. Suppose y + 22 = -5*v + 4, -v - k = -5*y. Calculate the highest common divisor of 1 and y.
1
Let n be ((-12)/14)/((-28)/140140). Calculate the greatest common divisor of n and 33.
33
Suppose -20 = -2*m - 3*p + 13, 4*p - 93 = -5*m. Suppose -3*v - 23 = -86. What is the greatest common factor of v and m?
21
Let d = 25 + -19. Suppose f = -4*c - d, 0 = 4*f + 2*c - 1 - 17. Calculate the highest common factor of f and 2.
2
Let l(o) = o**3 - o**2 - 13*o + 14. Let q be l(4). Calculate the greatest common divisor of 125 and q.
5
Suppose 3*z + 2*i - 217 = 0, 3*z - 15 - 207 = -3*i. Suppose -126 = z*d - 71*d. What is the highest common divisor of 42 and d?
21
Let p be 5*(4/6)/(18/27). Suppose -20 = -7*c + p*c. What is the highest common divisor of 2 and c?
2
Let v = 63 + -37. Let o = 29 - v. Suppose -4*a + 4*f + 60 = 0, a - 4*a + 21 = o*f. Calculate the highest common factor of a and 77.
11
Let s be (-1)/(-3)*57*1. Suppose 7 = -3*g + s. Suppose -g*l + 21 = -11. Calculate the highest common factor of l and 56.
8
Let b be (42/15)/(1/5). Suppose 0 = -t + 2 - 0. Calculate the greatest common divisor of b and t.
2
Let g be (-3)/(60/(-592))*30. What is the highest common divisor of g and 24?
24
Suppose 2*h - 654 = -o, 4*h + 385 = o - 275. What is the greatest common factor of 246 and o?
82
Let p(s) = s**3 + 6*s**2 + s + 15. Let v be p(-5). Let m(q) = -3 + q + 3 + 2. Let c be m(3). Calculate the highest common divisor of v and c.
5
Suppose -182 = -k + 122. Suppose -5*n = x - k - 188, -3*n + 284 = -5*x. Let r be ((-8)/(-10))/(10/175). What is the highest common divisor of r and n?
14
Suppose -6*w + 15 = -w. Suppose 12 = -2*r + w*s + 41, -r = -s - 14. Calc